st common factor of 32891 and 39257?
1061
Calculate the greatest common factor of 140103 and 24.
3
Calculate the greatest common divisor of 64 and 411808.
32
What is the greatest common divisor of 460 and 2408?
4
Calculate the greatest common factor of 121 and 1408.
11
What is the highest common factor of 48 and 30696?
24
What is the greatest common factor of 2156 and 33124?
196
What is the highest common divisor of 2205 and 1380?
15
What is the highest common divisor of 672 and 103677?
21
What is the greatest common factor of 41406 and 5562?
618
What is the highest common divisor of 9 and 3960?
9
What is the greatest common factor of 85 and 3620?
5
What is the greatest common factor of 2368 and 1628?
148
Calculate the highest common factor of 756 and 11088.
252
What is the greatest common factor of 52803 and 18?
9
Calculate the greatest common divisor of 543 and 25521.
543
What is the highest common divisor of 927628 and 52?
52
Calculate the highest common factor of 257 and 69133.
257
What is the greatest common divisor of 18975 and 655270?
1265
What is the greatest common divisor of 356 and 948740?
356
Calculate the highest common divisor of 14531 and 5841.
11
What is the highest common factor of 328172 and 208?
52
What is the highest common factor of 9030 and 1680?
210
What is the highest common divisor of 999 and 280053?
333
What is the highest common factor of 19847 and 445?
89
Calculate the greatest common divisor of 1042150 and 95.
95
What is the greatest common divisor of 7256 and 8?
8
What is the greatest common divisor of 40 and 25240?
40
Calculate the greatest common factor of 494 and 442.
26
Calculate the highest common factor of 19492 and 66.
22
What is the highest common factor of 267717 and 2097?
699
Calculate the highest common divisor of 58240 and 78.
26
Calculate the highest common divisor of 17176 and 2280.
152
What is the highest common divisor of 449162 and 196?
14
Calculate the greatest common divisor of 961 and 7493878.
961
Calculate the highest common divisor of 84 and 579936.
84
Calculate the highest common factor of 561 and 4182.
51
What is the highest common factor of 1376 and 4624?
16
Calculate the highest common divisor of 13 and 863668.
13
Calculate the greatest common factor of 6523270 and 1390.
1390
Calculate the highest common divisor of 5246 and 14396.
122
Calculate the highest common factor of 79266 and 6204.
66
Calculate the highest common factor of 54 and 299718.
18
Calculate the greatest common divisor of 756 and 29430.
54
What is the greatest common factor of 2412 and 54404?
268
Calculate the greatest common factor of 36455 and 4393.
23
What is the greatest common factor of 61 and 18178?
61
Calculate the greatest common divisor of 15129 and 1107.
369
Calculate the greatest common factor of 3849 and 9.
3
Calculate the greatest common factor of 45 and 2696985.
45
What is the greatest common factor of 116 and 9?
1
What is the highest common divisor of 54 and 20111328?
54
What is the greatest common divisor of 10004218 and 322?
322
What is the greatest common divisor of 60 and 730?
10
What is the greatest common divisor of 5106 and 3219?
111
What is the greatest common factor of 98224 and 112?
112
What is the highest common factor of 18579 and 99?
33
What is the greatest common divisor of 249 and 911091?
249
Calculate the greatest common divisor of 147 and 1813.
49
What is the greatest common factor of 104733 and 405?
81
What is the greatest common factor of 17 and 163?
1
Calculate the highest common divisor of 8892 and 136154.
38
Calculate the highest common divisor of 27 and 18243.
9
What is the greatest common divisor of 246433 and 77?
11
Calculate the highest common divisor of 16070 and 110.
10
Calculate the highest common divisor of 340 and 2520.
20
Calculate the highest common divisor of 17523 and 5487.
177
Calculate the highest common divisor of 181568 and 288.
32
What is the greatest common factor of 91599 and 57?
57
Calculate the greatest common factor of 593129 and 449.
449
What is the greatest common divisor of 2730 and 96306?
42
Calculate the highest common divisor of 316628 and 52.
52
Calculate the greatest common factor of 15 and 13655.
5
Calculate the greatest common divisor of 1909 and 3237.
83
What is the greatest common factor of 153027 and 2646?
441
Calculate the highest common factor of 34690 and 445.
5
Calculate the highest common divisor of 1060 and 4440.
20
What is the highest common factor of 221028 and 452?
452
Calculate the greatest common divisor of 9 and 2077407.
9
What is the greatest common divisor of 3645 and 17190?
45
Calculate the highest common factor of 28231 and 35.
7
Calculate the greatest common divisor of 21 and 1996491.
21
Calculate the highest common divisor of 837 and 3813.
93
Calculate the highest common factor of 297 and 2328975.
99
Calculate the highest common divisor of 1937 and 7371.
13
Calculate the greatest common factor of 42610 and 210.
10
What is the greatest common divisor of 23144 and 704?
88
What is the greatest common factor of 59472 and 5418?
126
What is the highest common factor of 58241 and 1676?
419
Calculate the highest common factor of 24345 and 72.
9
Calculate the highest common factor of 66007 and 1772.
443
What is the greatest common divisor of 22 and 3071750?
22
What is the highest common divisor of 16554 and 42222?
186
Calculate the greatest common factor of 18282 and 636546.
1662
What is the highest common divisor of 133 and 607411?
133
What is the greatest common factor of 374 and 952?
34
What is the highest common factor of 160 and 278480?
80
Calculate the highest common divisor of 123391 and 815.
163
Calculate the highest common divisor of 32 and 1838.
2
What is the highest common divisor of 10 and 25535?
5
What is the greatest common factor of 272 and 17816?
136
What is the highest common divisor of 1534498 and 301?
301
Calculate the highest common factor of 437 and 10649.
23
What is the highest common factor of 728 and 400?
8
Calculate the greatest common divisor of 157 and 490625.
157
What is the greatest common divisor of 158300 and 6400?
100
What is the highest common divisor of 4750 and 4522?
38
Calculate the greatest common factor of 11075 and 1100.
25
Calculate the greatest common divisor of 20225 and 2035.
5
Calculate the highest common divisor of 28002 and 702.
78
What is the greatest common divisor of 228189 and 39?
39
What is the highest common factor of 9782 and 73?
73
Calculate the greatest common factor of 35 and 617995.
35
Calculate the highest common factor of 7733880 and 385.
385
What is the greatest common divisor of 115 and 11684?
23
Calculate the highest common factor of 1705 and 99913.
341
What is the highest common factor of 120085 and 1022?
511
What is the greatest common divisor of 368 and 156124?
92
Calculate the highest common divisor of 82502 and 332.
166
What is the highest common divisor of 1215 and 255?
15
What is the highest common factor of 17480 and 392?
8
What is the greatest common divisor of 4698477 and 963?
963
Calculate the greatest common divisor of 12833 and 20971.
313
Calculate the greatest common divisor of 48532 and 176.
44
Calculate the greatest common divisor of 48703 and 1017.
113
What is the greatest common divisor of 116304 and 12?
12
Calculate the greatest common factor of 1573 and 22627.
121
What is the highest common factor of 62 and 220999?
31
What is the highest common divisor of 70 and 2926?
14
Calculate the highest common factor of 1190 and 6970.
170
What is the highest common factor of 104 and 144521?
13
Calculate the highest common factor of 132415 and 20.
5
What is the highest common factor of 280280 and 286?
286
Calculate the highest common divisor of 930 and 1770.
30
What is the greatest common divisor of 1361 and 16?
1
Calculate the greatest common factor of 418 and 1222441.
209
Calculate the greatest common factor of 435525 and 15.
15
Calculate the highest common factor of 256 and 153856.
256
What is the greatest common divisor of 1071524 and 276?
92
What is the greatest common divisor of 84743 and 3063?
1021
What is the highest common factor of 348 and 294872?
116
What is the highest common factor of 86016 and 6972?
84
Calculate the greatest common factor of 5970 and 1955